r?
True
Is -8 + (-228)/(-30) + (-45997)/(-5) composite?
False
Suppose 0 = 4*q + 2*q - 774. Suppose -q = 4*j - 1621. Is j a prime number?
True
Suppose -2*c - h = -3*c + 10652, 5*h = c - 10656. Is c prime?
True
Let v(h) = 5*h**3 - h**2 + 2*h - 1. Let f be v(1). Suppose -f*g - 5*b + 75 = 0, 5*g - 4*b = -3*b + 99. Let a = g - -15. Is a a composite number?
True
Suppose -4*l - 605 = -9*l. Let q = l + -6. Is q composite?
True
Let y(u) = -12*u**3 + u**2 + 13*u + 31. Is y(-6) a prime number?
False
Let q(j) = j**3 + 8*j**2 - 12*j - 22. Let g be q(-9). Let f(b) = 19*b**3 - 10*b**2 + 7*b - 7. Is f(g) a prime number?
True
Suppose 5*o = 4*i - 7596 - 79849, 3*i - 65583 = 4*o. Is i a composite number?
True
Let d = 396 + 51. Suppose -c - c = -316. Let q = d - c. Is q composite?
True
Is (122196/18)/(2/3) a prime number?
False
Let m(w) = -w**3 - 9*w**2 - 8*w - 9. Let n be m(-8). Let u be 2/4*(15 + n). Is u/(-9) - (-2604)/9 a prime number?
False
Suppose 15*d - 14*d + 5*c = 154, -3*d = 4*c - 517. Is d a composite number?
False
Let j = 3135 + -1212. Let s = -864 + j. Is s a prime number?
False
Suppose -8*j + 3*j = 0. Let o = -60 - -13. Let t = j - o. Is t a composite number?
False
Is 5 - (-136)/(-32) - 20242/(-8) composite?
False
Suppose -728 = -2*x + 726. Let o = x - -370. Is o prime?
True
Let a(s) = -3*s**2 - 2*s - 1. Let j be a(-1). Let c = 20 - j. Let d = 29 + c. Is d prime?
False
Suppose 4*w = 2301 + 231. Suppose -5*a + q = -w, 5*a + 4*q = 4*a + 135. Suppose -a = -h + 96. Is h a composite number?
False
Suppose 22508 = 5*d - 3*t, 5*d - 17996 = d + 5*t. Suppose -f - d = -5*f. Suppose 3*m = f - 331. Is m a prime number?
False
Let a = -15 + 13. Let n be a + 2/1 - -4. Suppose -i - 3162 = -n*u - 3*i, -5*u = 4*i - 3951. Is u a composite number?
True
Suppose 2*d + k - 3 = 0, -3*d + 22 = -3*k + 8*k. Let i(m) = -223*m. Let p be i(d). Suppose -11*h - p = -12*h. Is h composite?
False
Suppose -6*b = -0*b. Let s(w) = 3 + 2*w - w + b*w - 7*w. Is s(-8) composite?
True
Let a(j) = -j**2 + 2*j + 1. Suppose 4*n = -5*t + 27, 0*n - 2*t = -n - 3. Let m be a(n). Is m/13 - (-31257)/117 a composite number?
True
Is 3/(-5) - (-36304)/40 prime?
True
Suppose 4*n - 348 = 2*d, -2*d + 150 = 2*n + 3*d. Suppose -4*t = 4*v - 572, v + 186 = 2*t - n. Let r = 353 - t. Is r prime?
False
Let c(o) = 13*o + 1009. Is c(0) a prime number?
True
Let w(d) = 2*d**3 + 8*d**2 + 10*d + 3. Is w(7) a composite number?
False
Let y = 9 + -12. Let x be (-3 - y/1)/1. Suppose x = z + 4*z - 295. Is z prime?
True
Suppose 2 = 4*i - 2. Let a be i/(-2)*-410*1. Suppose 2*t - c + a = 6*t, 53 = t + 2*c. Is t a prime number?
False
Suppose -2 = 2*h - 0, -4*r - 5 = 5*h. Suppose 4*a + r*a = 5068. Is a a prime number?
False
Let i(o) = 2*o**2 - o + 1568. Let p be i(0). Let m = p - 31. Is m a prime number?
False
Suppose 3*l - 249597 = -77*j + 78*j, -5*l = 2*j - 415995. Is l a prime number?
False
Suppose 11 + 15 = -13*a. Is 3 + (3 - -911 - a) a prime number?
True
Let v(h) = -11*h**2 + 2*h - 7. Let u be (1 + 1)/((-12)/6). Let t(x) = -1. Let o(y) = u*v(y) + 4*t(y). Is o(2) a prime number?
True
Suppose -3*z - z + 1128 = 0. Suppose -z = -5*v - v. Let q = v - 16. Is q a composite number?
False
Let d be (-1)/2*(-12)/(-6). Let z be -1 + d + 8/2. Let u(k) = 38*k**3 - 2*k**2 + k + 1. Is u(z) composite?
True
Let i(b) = 146*b - 25. Let g be i(-13). Let r = 3074 + g. Is r a prime number?
True
Let a = 223 + -105. Suppose 0 = a*f - 119*f + 2633. Is f a composite number?
False
Suppose 5*z = -3*s + 3972, -4*s + 9*s = -4*z + 6607. Is s composite?
False
Suppose -3*m - m - 42 = 5*h, -m - 5*h - 18 = 0. Let g be 1/(-2*(-4)/m). Is (g/(-1))/(11/341) a prime number?
True
Let w(c) be the second derivative of -65*c**3/6 + 2*c**2 - 12*c. Is w(-5) a composite number?
True
Let w(o) be the third derivative of 3*o**6/20 - o**5/30 + o**4/24 + 2*o**3/3 + 2*o**2. Is w(2) a composite number?
True
Let i(t) = 4*t + 8. Let v be i(18). Suppose 7*u - v = 5*u. Let h = u - -147. Is h a composite number?
True
Let s be 767 - (1 - (2 + -4)). Suppose 31*q - 27*q - s = 0. Is q composite?
False
Let u(y) = 233*y - 21. Let c be u(-3). Is c/(-5) + -3 - -1 a composite number?
True
Suppose 12 - 28 = 4*m. Let q(i) = -10*i**3 + 6*i**2 + i + 2. Is q(m) a prime number?
False
Let s be (-24)/9*(2 + 34). Let v = s + 181. Is v composite?
True
Suppose -91*v = -76*v - 723885. Is v a prime number?
True
Let r(a) = 22 - 10 - 13 + 43*a. Is r(6) prime?
True
Let a = -17 + 22. Suppose -d = 4*q - 26, -11 = -a*q + 2*d + 15. Suppose -932 + 4106 = q*l. Is l a composite number?
True
Let g(x) = 5*x**2 - 34*x - 41. Is g(-10) prime?
False
Suppose -1380 = -2*x + 5*x. Let c = x + -166. Let g = c - -891. Is g a prime number?
False
Suppose 4*z - 247527 = -5*c, 4*c - 95893 = 3*z + 102141. Is c a composite number?
True
Let v = -80 + 221. Suppose -3*q - 203 = -59. Let u = v + q. Is u a composite number?
True
Let n be 1/2*(0 - -2). Is (-2007)/(-27)*3*n composite?
False
Let w = -6578 + 13261. Is w a prime number?
False
Let n(u) = u + 18. Let k be ((-15)/6)/((-1)/(-6)). Let t be n(k). Suppose 2*w + m = 475, t*w - 5*m - 943 = -w. Is w a composite number?
True
Let n = 57030 - 34747. Is n prime?
True
Suppose 0 = x + 4*a - 20, 0*a = -a + 4. Suppose m + x*c = 24, 5*c - 3*c - 18 = -2*m. Suppose 5*h + m*o = 3*h + 378, -2*h = -5*o - 423. Is h a composite number?
False
Let p be 10 + 6/(-2) + 3. Let s be ((-15)/p)/(6/8). Is (4/s)/(8/(-564)) composite?
True
Let z = -8 - -12. Let a be -10*41*(-12)/10. Suppose -8*x + a = -z*x. Is x composite?
True
Let m(h) be the first derivative of 4*h**3 - 7*h**2/2 - 18*h + 11. Let w be m(8). Let u = 1083 - w. Is u composite?
False
Let h = -52692 - -81197. Is h a composite number?
True
Let i(l) = 1096*l + 33. Is i(5) prime?
False
Let l = 2946 - 4470. Is 1/((4/l - 0)*-3) composite?
False
Suppose -w + 306 = -0*w + 3*u, -5*w = -4*u - 1454. Let b be -1 - ((-41 - -1) + 1). Suppose -4*v + w = -b. Is v a prime number?
True
Suppose -3*a + 2*j = -44, 2*j - 3 = 1. Let p(i) = i**3 - 10*i**2 - 14*i + 7. Is p(a) a composite number?
False
Let t(h) = 14*h**2 + 39*h - 75. Is t(18) composite?
True
Let f(n) = 5*n - 1. Let y be f(1). Suppose 685 = -y*a + 5*a. Is a prime?
False
Suppose 2*o - 5*c - 26 = -c, 0 = o + 5*c + 15. Suppose -l = -o*l. Suppose l = -4*d - 0*d + 340. Is d a composite number?
True
Suppose -96 = -3*l - l. Let t be 8 - 6 - (-4)/1. Is l/t + 176 + -1 composite?
False
Let m = 3946 - -2545. Is m a prime number?
True
Suppose -2*g + 15 = -s, 86 = -8*s + 3*s - g. Let m = s - -23. Suppose -m*p = -11*p + 595. Is p prime?
False
Let t = -5 + -1. Let z(x) = 21*x**2 + x - 8. Let d be z(t). Suppose -i - 65 = -d. Is i prime?
True
Let d = 15372 + -8269. Is d a composite number?
False
Let c(k) = -k**3 - 7*k**2 - 8*k - 5. Suppose 0 = -x - 0*x + 7. Let q = x + -15. Is c(q) composite?
True
Suppose -43219 = -k - 4*v, 10*v - 11*v + 43213 = k. Is k a composite number?
True
Let f be -1*(0 + (2 - 1)). Is 2/f*683/(-2) a prime number?
True
Suppose -2*i - 5 = -i. Let q be (-4)/(14/i - -3). Let l = 27 + q. Is l a composite number?
False
Suppose -3*y = o - 14, 2*y = 2*o - 2*y + 2. Suppose 13 - 1 = o*q + 2*h, 1 = h. Suppose -20 = 5*m, 3*m - 4 = q*r - 60. Is r a prime number?
False
Suppose 2*k - 139 = -3*j - 2*j, -4*j = 4*k - 116. Let b = j - -8. Let x = b + -4. Is x a composite number?
False
Suppose z - 4*i + 11 = 0, -4*z + 7*i - 3*i = 32. Let c = 12 + z. Suppose -c*k + 262 + 63 = 0. Is k prime?
False
Suppose -12*b + 13*b = 1. Is 21 + -24 - (0 - b*314) a composite number?
False
Suppose 7*w + 1936 = 28823. Is w a prime number?
False
Let t be ((30/9)/5)/(8/60). Suppose -2*k = -4*k - 2*c + 1348, -5*k + 3360 = -t*c. Is k a prime number?
True
Let v(u) = u**3 + 40*u**2 - 37*u + 27. Is v(-23) prime?
True
Let x(i) = 2*i**2 + 17*i + 6. Let r be x(-8). Is -2179*(2 + -4 + 4)/r a prime number?
True
Let t(c) = 10*c**3 + 2*c**2 - c. Let f be t(1). Let v be (f/33)/((-1)/(-12)). Suppose z = v*z - 417. Is z a composite number?
False
Let i be (0 + -2)/((-4)/6). Suppose -2*s + z = s - 14, 18 = 3*s - i*z. Suppose 0 = 3*t, 0 = s*d - 3*t - 2*t - 1268. Is d a prime number?
True
Let f = 60159 - 26912. Is f composite?
False
Suppose -63*b + 16333 = p - 64*b, b = 0. Is p a composite number?
False
Is (12 + -8 - -3) + 20886 prime?
False
Let j be (0 + 1